{"id":3045,"date":"2023-05-05T16:38:33","date_gmt":"2023-05-05T16:38:33","guid":{"rendered":"https:\/\/tremex.cl\/inicio\/?post_type=product&#038;p=3045"},"modified":"2023-06-01T16:47:45","modified_gmt":"2023-06-01T16:47:45","slug":"limpiador-tremex-piso-flotante-900-ml","status":"publish","type":"product","link":"https:\/\/tremex.cl\/inicio\/producto\/limpiador-tremex-piso-flotante-900-ml\/","title":{"rendered":"Limpiador Piso Flotante 900cc"},"content":{"rendered":"<p class=\" page-title title\"><span style=\"color: #003366;\">Limpiador Tremex Piso Flotante 900 Ml<\/span><\/p>\n<h4>DESCRIPCI\u00d3N DEL PRODUCTO<\/h4>\n<p>El Limpiador para pisos flotantes y vitrificadas Tremex, est\u00e1 dise\u00f1ado especialmente para la protecci\u00f3n y limpieza de las maderas flotantes, vitrificadas y\/o laminadas, dise\u00f1adas para pisos. Gracias a sus caracter\u00edsticas es f\u00e1cilmente soluble en agua si se requiere facilitando su aplicaci\u00f3n y por lo tanto su econom\u00eda a la hora de realizar repasos con el mismo, dejando una sensaci\u00f3n de limpieza y un agradable aroma a lavanda<\/p>\n<h4>CARACTER\u00cdSTICAS DESTACADAS<\/h4>\n<ul>\n<li>\n<div>Dise\u00f1ado para la protecci\u00f3n y limpieza de las maderas flotantes, vitrificadas y laminadas<\/div>\n<\/li>\n<li>\n<div>Limpieza profunda y duradera, especial para lugares de alto tr\u00e1fico<\/div>\n<\/li>\n<li>\n<div>Luego de aplicar, la recomendaci\u00f3n es utilizar Abrillantador para Pisos Flotantes<\/div>\n<\/li>\n<\/ul>\n","protected":false},"excerpt":{"rendered":"<p>Limpiador Tremex Piso Flotante 900 Ml DESCRIPCI\u00d3N DEL PRODUCTO El Limpiador para pisos flotantes y vitrificadas Tremex, est\u00e1 dise\u00f1ado especialmente para la protecci\u00f3n y limpieza de las maderas flotantes, vitrificadas y\/o laminadas, dise\u00f1adas para pisos. Gracias a sus caracter\u00edsticas es f\u00e1cilmente soluble en agua si se requiere facilitando su aplicaci\u00f3n y por lo tanto su &hellip;<\/p>\n<p class=\"read-more\"> <a class=\" thunk-readmore button \" href=\"https:\/\/tremex.cl\/inicio\/producto\/limpiador-tremex-piso-flotante-900-ml\/\"> <span class=\"screen-reader-text\">Limpiador Piso Flotante 900cc<\/span>Leer m\u00e1s<\/a><\/p>\n","protected":false},"featured_media":2985,"template":"","meta":{"_eb_attr":""},"product_cat":[35,38],"product_tag":[85,47],"class_list":["post-3045","product","type-product","status-publish","has-post-thumbnail","hentry","product_cat-hogar","product_cat-productos","product_tag-brillo","product_tag-limpieza","thunk-woo-product-list","opn-qv-enable","big-store-woo-hover-zoom","open-single-product-tab-horizontal","open-shadow-","open-shadow-hover-"],"_links":{"self":[{"href":"https:\/\/tremex.cl\/inicio\/wp-json\/wp\/v2\/product\/3045","targetHints":{"allow":["GET"]}}],"collection":[{"href":"https:\/\/tremex.cl\/inicio\/wp-json\/wp\/v2\/product"}],"about":[{"href":"https:\/\/tremex.cl\/inicio\/wp-json\/wp\/v2\/types\/product"}],"wp:featuredmedia":[{"embeddable":true,"href":"https:\/\/tremex.cl\/inicio\/wp-json\/wp\/v2\/media\/2985"}],"wp:attachment":[{"href":"https:\/\/tremex.cl\/inicio\/wp-json\/wp\/v2\/media?parent=3045"}],"wp:term":[{"taxonomy":"product_cat","embeddable":true,"href":"https:\/\/tremex.cl\/inicio\/wp-json\/wp\/v2\/product_cat?post=3045"},{"taxonomy":"product_tag","embeddable":true,"href":"https:\/\/tremex.cl\/inicio\/wp-json\/wp\/v2\/product_tag?post=3045"}],"curies":[{"name":"wp","href":"https:\/\/api.w.org\/{rel}","templated":true}]}}